-3*i = -q - 44. What is the tens digit of i?
3
Suppose -7*q + 1730 = 414. What is the tens digit of q?
8
Let z be (2 - -1) + (1 - 0). Let w(g) be the first derivative of g**3/3 - 3*g**2/2 - 3*g + 2. What is the units digit of w(z)?
1
Let a(m) = 2*m**3 + 0*m**3 + 4*m**2 + 2*m**3 + 6*m - 5*m**3 + 7. What is the tens digit of a(5)?
1
Let i = -11 + 7. Let f = -5 - i. Let g = f - -2. What is the units digit of g?
1
Let s(p) = p - 3. Let d be s(4). Suppose -231 = -5*r - d. What is the tens digit of r?
4
Let g(u) be the third derivative of 0*u + 1/120*u**6 - 2*u**2 + 3/8*u**4 - 7/60*u**5 + 0 - 1/3*u**3. What is the units digit of g(6)?
6
Let v(f) = -f**3 - 6*f**2 - 5*f + 6. Let g be 74/(-14) + 6/21. What is the units digit of v(g)?
6
Let g = -26 + 11. What is the units digit of (-6)/g + (-96)/(-10)?
0
Let s(j) = 9*j**2 + 5*j. What is the units digit of s(-2)?
6
Let m(f) = -f**2 - f + 3. Suppose 5 = 4*y + y. Let c be (y - 2)*2 + 2. What is the units digit of m(c)?
3
Suppose d + y + 4 = 6*y, 2*y = 2*d. What is the units digit of d?
1
Let p(o) = o**2 + o + 4. Let x be p(0). Suppose -x*u = -29 - 11. What is the tens digit of u?
1
Suppose 0 = -0*v + 4*v - 44. Let o = 17 - v. What is the units digit of o?
6
Let c(g) = g**2 - g + 1. Suppose 3*h = 4*v - 9, 2*v - 11 = h - 2*v. Let n = h + 1. What is the units digit of c(n)?
3
Suppose -4*w - 2*h + 148 = 34, -3*w = -5*h - 105. What is the units digit of w?
0
Suppose 3*q = 3*r - q - 55, -4*q = -4*r + 68. What is the units digit of r?
3
Let q(r) = 8*r - 5. Let d(l) = 16*l - 9. Let u(x) = -4*d(x) + 7*q(x). What is the tens digit of u(-3)?
2
Let a = 7 + 19. What is the tens digit of a?
2
Let z(o) = -o**3 + o**2 + 10*o + 7. What is the hundreds digit of z(-5)?
1
Suppose 0 = -c + 1. Let p(n) = 29*n**2 + n. Let u be p(c). What is the tens digit of 3/(-1)*u/(-6)?
1
Suppose z + 3*z = 16. Let m(w) = w**2 - 2*w - 5. What is the units digit of m(z)?
3
Let x(t) = -t**3 - 22*t**2 - 3*t + 10. What is the units digit of x(-22)?
6
What is the tens digit of 119/5 + 11/55?
2
Let t be 25/(-10)*(-6)/5. Suppose 0 = -2*p + t + 3. What is the units digit of p?
3
Let u(z) = -z**3 + 7*z**2 - 8*z - 2. Let l be u(6). Let v = -1 - l. What is the units digit of v?
3
Let i(j) be the second derivative of -j**3/3 + 3*j**2 + 3*j. What is the units digit of i(-5)?
6
Suppose -655 + 249 = -7*t. What is the units digit of t?
8
Suppose s = -3*c - 2*c - 19, s = -2*c - 10. Let x be (-54)/(-3)*(-4)/6. What is the tens digit of 0/(c - -2) - x?
1
Let s(p) = 2*p. Suppose -2*u - 3*h + 12 = 0, -2*h = -4*u - 0*h + 8. Let m be ((-2)/6)/((-1)/u). What is the units digit of s(m)?
2
Let u be 1/(1/2) - -1. Suppose -2*l - u*l + 65 = 0. What is the tens digit of l?
1
Let r = -6 - -10. Suppose l - 3 = r. What is the units digit of l?
7
Let k be 6/2 + 46 - -3. Suppose -3*d - 67 = -5*a, -7*d - k = -4*a - 3*d. What is the units digit of a?
4
Suppose -2*o = o - 15. Suppose 45 = o*l - 40. What is the tens digit of l?
1
Let u(l) = l + 3. Let b(h) = h + 1. Let v be b(-1). What is the units digit of u(v)?
3
Let r = 24 - 37. Suppose -2*l - 3*w + 38 = 0, -2*l = -3*l + 4*w + 19. Let n = l + r. What is the units digit of n?
6
Suppose 33 + 45 = b. What is the tens digit of b?
7
Let w be 12/(-5) + 6/15. What is the units digit of (w - 0 - -2) + 15?
5
Let n be -19*(-6)/(-3) + 3. Let q = n + 53. What is the tens digit of q?
1
What is the units digit of (2 - 4)/2*-13?
3
Let p = -6 - -12. Suppose p = 4*q - 6. Suppose 2*x - 3*r - 35 = 0, q*r - 6 = 5*r. What is the tens digit of x?
1
Suppose 5*b - 103 = 27. What is the tens digit of b?
2
Let m(r) = 4*r + 112. What is the tens digit of m(0)?
1
Let m = 31 - 19. Suppose m = -2*y + 6*y. What is the units digit of y?
3
What is the units digit of ((-8)/3)/((-14)/21)?
4
Let v(r) be the first derivative of -r**2/2 + 4*r - 1. Let b be v(0). Suppose -x = 5*g - 33, b*x - g + 3*g = 42. What is the units digit of x?
8
Let w(s) = 12*s**2 - 10*s - 3. What is the hundreds digit of w(5)?
2
What is the units digit of 2*42/4 + (-2 - -2)?
1
Let p be (72/16)/((-2)/(-44)). Let l = p - 52. What is the tens digit of l?
4
Let p(v) = 5*v - 2. Let c be (-3)/((-6)/8) - 1. Suppose 0 = -3*w - 5*z + 31, c*w = -5*z + z + 26. What is the units digit of p(w)?
8
Let p = -5 + 4. Let r be (10/(-4))/(p/(-6)). Let k = r - -26. What is the tens digit of k?
1
Let q = -2 - -2. Let r be 2 + -3 + q - -1. Suppose z - 5*v + 14 = -r*z, 4*z + 3*v - 13 = 0. What is the units digit of z?
1
Suppose 4*k = 4, -8*k = d - 3*k - 15. What is the tens digit of d?
1
Let p = -5 + 2. Let q(z) = -z**2 - 5*z - 1. What is the units digit of q(p)?
5
Let s(a) = a**3 + 7*a**2 - 6*a + 10. What is the units digit of s(-6)?
2
Let v = -4 + 10. Let w be (-1 + v)*(-4)/(-10). Suppose 4*d + 38 = 3*x, -2*x + w*d - 72 = -7*x. What is the units digit of x?
4
What is the units digit of (0 + 1 + -6)*3864/(-140)?
8
Suppose 4*p = -4*q + 8*p + 8, -5*q + 8 = -4*p. Suppose q*b = b - 6. Let y(r) = r**3 - 7*r**2 + 6*r + 6. What is the units digit of y(b)?
6
Let x(h) = -h**2 + 3. Let s be x(0). Suppose -27 - 9 = -s*i. What is the tens digit of i?
1
Let p = -4 - -6. Let h be -3 + (5 - (p - 3)). Suppose -4*f + 26 = -5*y, f - h*y - 1 = 2. What is the units digit of f?
9
Let w = 13 + -3. What is the tens digit of w?
1
Let c(s) = 2*s**2 - s + 3. What is the units digit of c(-3)?
4
Suppose 17 = 4*p - 5*x, 0 = 5*p - 4*x + 2*x. Let g = 1 - p. Suppose 13 = g*i - 29. What is the units digit of i?
4
Let i be (8 + -12)*(-4)/(-1). Let p = i + 30. What is the tens digit of p?
1
Suppose -5*n = -3*l + 16, -l - 14 = 2*l + n. Let p be (1 + 0)*(l - -3). Suppose 6*a - i = 3*a + 24, p = -3*a - 3*i + 12. What is the units digit of a?
7
Suppose 3*l - 3*v - 102 = 0, -3*l + 0*v + 102 = -5*v. Let j = l + -19. What is the units digit of j?
5
Suppose -n = -2*x - 0*n + 94, -5*x = 5*n - 250. What is the units digit of x?
8
Suppose 0*r = 2*r. Let w = 2 + r. Suppose 2*l = 4*l - 4*k - 36, -4*l = w*k - 32. What is the tens digit of l?
1
Suppose 2*d - 5*t = 3*d + 4, -16 = -d + 5*t. Suppose 0 = -4*q + 5*k + 32, -q = -d*q - 5*k + 85. What is the units digit of q?
3
Let j = 6 - -5. Let u = j + 35. What is the tens digit of u?
4
Suppose 0 = -4*m - 12 - 24. Let g be 1/(-3) - 21/m. What is the units digit of ((-1)/3 + g)*6?
0
Suppose j + 1 = u, -4*j + 6*u = u + 7. Suppose 0 = -0*x + j*x - 10. What is the units digit of x?
5
Let w be 27 + -3 + 0 + 0. What is the units digit of (w/(-18))/(2/(-45))?
0
Let y(x) = x**2 + 3*x + 6. Let b be y(-4). Suppose k + k = -b, 5*t + 3*k = -25. What is the units digit of (t - -4) + (-3 - -8)?
7
Let b(i) = i**3 - 2*i**2 - 2*i - 1. Let h be b(3). Let q = 12 - 6. Suppose 20 = h*p + q. What is the units digit of p?
7
Suppose 3*p = 247 + 377. What is the tens digit of p?
0
Suppose -4*d + 260 = g, 0 = 5*d - 3*g - 0*g - 342. Suppose 2*y - d = -y. What is the units digit of y?
2
Let v be 4*(7*2)/2. Let u = v - 20. What is the units digit of 1/(-3) - u/(-6)?
1
Let x be (-6)/4*(-16)/6. Let w = 11 + -11. Suppose -4*o + x*p + 48 = w, o - 5*p = -p + 15. What is the units digit of o?
1
Let h = -15 - -23. Let x(a) be the first derivative of a**2/2 + 3*a - 8. What is the units digit of x(h)?
1
Let w be 1*(-1)/2*-2. Let t be (-4)/(-1 - 1/w). Suppose -f - 5*h = 9, 7 = -3*h - t. What is the units digit of f?
6
Let x(b) = 5 + 5*b - 6*b - 8. Let f = -12 - -6. What is the units digit of x(f)?
3
Let b(l) = -l**2 - 6*l. Let a be b(-5). Suppose a*u = -k + 5*k - 90, -u = -4*k + 98. What is the tens digit of k?
2
Suppose 20*z - 396 - 3864 = 0. What is the tens digit of z?
1
Let s = -308 - -592. What is the hundreds digit of s?
2
Let w = 7 - -25. Let i = w - 2. Suppose l + l = i. What is the tens digit of l?
1
Let z(r) = -8*r. What is the tens digit of z(-3)?
2
Suppose 4*f - 26 = 158. What is the units digit of f?
6
Let x(f) = -10*f**3. Let i(h) = h**3 + 7*h**2 + 6*h - 1. Let w be i(-6). What is the tens digit of x(w)?
1
Let k = 0 - 3. Let o = k + 4. Let x = 2 + o. What is the units digit of x?
3
Suppose -4*l + 29 - 185 = 0. Let x = l - -55. What is the tens digit of x?
1
Suppose -d - 3*d = -4. Suppose d = -5*y + 16. Suppose 5*b = i + 4, i - 5*i + y = -b. What is the units digit of b?
1
What is the tens digit of (-154)/(-8) - (-15)/20?
2
Let m be 2/6*1